9 composite?
False
Is 2309 prime?
True
Is 1219 a prime number?
False
Is 830017 a composite number?
False
Is 436147 prime?
True
Is 2819 a prime number?
True
Is 1171 composite?
False
Is 16437 a composite number?
True
Is 24454 composite?
True
Is 466987 a prime number?
False
Is 795023 composite?
False
Is 9029 a prime number?
True
Is 27757 a composite number?
True
Is 2921 prime?
False
Is 705929 a prime number?
False
Is 705751 prime?
True
Is 364535 composite?
True
Is 10219 a composite number?
True
Is 2901 composite?
True
Is 889579 a composite number?
False
Is 601661 a prime number?
False
Is 5599 prime?
False
Is 14519 a composite number?
False
Is 3691 a prime number?
True
Is 48417 composite?
True
Is 104117 composite?
True
Is 5923 a prime number?
True
Is 75323 a prime number?
True
Is 471041 composite?
False
Is 377341 prime?
False
Is 1277 a prime number?
True
Is 85009 composite?
False
Is 79435 prime?
False
Is 10183 prime?
False
Is 346 composite?
True
Is 317 a prime number?
True
Is 140383 composite?
True
Is 869305 a prime number?
False
Is 30757 a composite number?
False
Is 1039 a prime number?
True
Is 81739 prime?
False
Is 1206319 a composite number?
False
Is 925783 a composite number?
False
Is 16521 a composite number?
True
Is 93683 composite?
False
Is 796217 a prime number?
True
Is 200153 a prime number?
True
Is 1835 a prime number?
False
Is 2949101 a prime number?
True
Is 1249 prime?
True
Is 1371973 a prime number?
False
Is 789547 prime?
False
Is 577667 prime?
True
Is 17245 a prime number?
False
Is 1957447 prime?
False
Is 55285 a prime number?
False
Is 12791 a prime number?
True
Is 225958 prime?
False
Is 40897 composite?
False
Is 25219 composite?
False
Is 12785 prime?
False
Is 1067 a composite number?
True
Is 571177 a prime number?
False
Is 10079 prime?
True
Is 22109 prime?
True
Is 376253 prime?
False
Is 4201 a composite number?
False
Is 54155 prime?
False
Is 253309 composite?
True
Is 1178347 a prime number?
True
Is 21083 a prime number?
False
Is 35681 prime?
False
Is 6541 composite?
True
Is 63537 a composite number?
True
Is 5513 prime?
False
Is 1328486 a prime number?
False
Is 512663 a prime number?
True
Is 66335 composite?
True
Is 15511 a composite number?
False
Is 86551 a composite number?
True
Is 2705 a composite number?
True
Is 46877 a composite number?
False
Is 12571 prime?
False
Is 1934 prime?
False
Is 14503 composite?
False
Is 571093 composite?
False
Is 136133 composite?
False
Is 12071 a prime number?
True
Is 365831 composite?
True
Is 40099 composite?
False
Is 118453 a prime number?
True
Is 248134 a prime number?
False
Is 169445 a composite number?
True
Is 170762 a composite number?
True
Is 16811 a prime number?
True
Is 70937 composite?
False
Is 841391 composite?
False
Is 261881 prime?
True
Is 728206 composite?
True
Is 38067 a composite number?
True
Is 8951 a composite number?
False
Is 6913 composite?
True
Is 457049 a composite number?
False
Is 50621 a composite number?
True
Is 29483 composite?
False
Is 763319 a prime number?
False
Is 4861 prime?
True
Is 312337 a prime number?
False
Is 46082 prime?
False
Is 43487 composite?
False
Is 306541 a composite number?
False
Is 746 prime?
False
Is 2846 a prime number?
False
Is 6673 composite?
False
Is 1151 prime?
True
Is 5623 prime?
True
Is 3427 composite?
True
Is 261281 a prime number?
True
Is 469529 a composite number?
False
Is 77899 a composite number?
False
Is 39587 a composite number?
True
Is 96847 a prime number?
True
Is 58243 prime?
True
Is 347651 a composite number?
False
Is 88019 prime?
True
Is 14131 a prime number?
False
Is 1404323 prime?
True
Is 1226 a composite number?
True
Is 1439 a composite number?
False
Is 10729 composite?
False
Is 188827 composite?
False
Is 1059739 composite?
True
Is 3491 prime?
True
Is 4373 a composite number?
False
Is 27771 a prime number?
False
Is 7061 prime?
False
Is 221849 prime?
True
Is 282133 composite?
True
Is 393847 composite?
False
Is 72866 prime?
False
Is 57 composite?
True
Is 18553 a composite number?
False
Is 1931 composite?
False
Is 17722 a prime number?
False
Is 1065571 a composite number?
True
Is 29599 a prime number?
True
Is 1564285 composite?
True
Is 11201 a composite number?
True
Is 329 a composite number?
True
Is 159823 prime?
False
Is 45233 a composite number?
False
Is 1117 composite?
False
Is 41461 composite?
True
Is 45146 composite?
True
Is 2575363 a prime number?
False
Is 67879 a prime number?
False
Is 58207 prime?
True
Is 6247 composite?
False
Is 1672705 prime?
False
Is 7723 prime?
True
Is 77579 composite?
True
Is 17093 a composite number?
False
Is 55001 a prime number?
True
Is 227434 composite?
True
Is 101827 a composite number?
True
Is 578563 a prime number?
True
Is 1441117 prime?
True
Is 23531 prime?
True
Is 310147 a composite number?
True
Is 117911 a composite number?
False
Is 15497 a composite number?
False
Is 213383 prime?
True
Is 90677 prime?
True
Is 3161 a prime number?
False
Is 365611 composite?
False
Is 71465 a composite number?
True
Is 112641 a prime number?
False
Is 190027 a prime number?
True
Is 13763 a prime number?
True
Is 713 a prime number?
False
Is 2027 prime?
True
Is 319857 prime?
False
Is 3653 composite?
True
Is 470579 prime?
True
Is 8803 a prime number?
True
Is 4727 prime?
False
Is 10883 prime?
True
Is 14923 composite?
False
Is 36319 a prime number?
True
Is 47221 composite?
False
Is 26305 composite?
True
Is 93167 a prime number?
False
Is 32843 composite?
False
Is 262427 a composite number?
True
Is 693487 prime?
True
Is 235549 prime?
False
Is 205721 a composite number?
False
Is 2729 composite?
False
Is 142601 a prime number?
True
Is 198001 a prime number?
False
Is 10517 a prime number?
False
Is 643301 composite?
False
Is 49513 a prime number?
False
Is 40681 a composite number?
True
Is 682463 composite?
False
Is 15685 a composite number?
True
Is 14689 composite?
True
Is 10133 a prime number?
True
Is 9977 a prime number?
False
Is 67883 prime?
True
Is 602369 a composite number?
True
Is 6913 composite?
True
Is 4911 prime?
False
Is 5244601 composite?
False
Is 466259 prime?
False
Is 327289 a composite number?
False
Is 62747 composite?
True
Is 7993 composite?
False
Is 2221678 a composite number?
True
Is 6197 a composite number?
False
Is 10411 a prime number?
False
Is 88099 composite?
True
Is 41597 a prime number?
True
Is 52879 prime?
True
Is 208927 composite?
False
Is 27899 a composite number?
True
Is 9271 a composite number?
True
Is 1781 a composite number?
True
Is 5830761 prime?
False
Is 62743 prime?
True
Is 93641 a prime number?
False
Is 953 a prime number?
True
Is 40577 a prime number?
True
Is 50041 a composite number?
True
Is 169118 composite?
True
Is 10427 a composite number?
False
Is 8747 prime?
True
Is 10589 composite?
False
Is 2249 prime?
False
Is 162413 composite?
False
Is 50717 a prime number?
False
Is 610231 a prime number?
False
Is 19478 prime?
False
Is 3203 composite?
False
Is 86455 a composite number?
True
Is 31555 a prime number?
False
Is 1571 composite?
False
Is 482743 a composite number?
False
Is 54751 composite?
False
Is 6619 prime?
True
Is 246557 a prime number?
True
Is 113647 prime?
True
Is 26735 a prime number?
False
Is 5627 prime?
False
Is 10039 a composite number?
False
Is 43237 a prime number?
True
Is 22853 a composite number?
False
Is 35827 prime?
False
Is 1485821 a prime number?
True
Is 1577479 composite?
False
Is 703193 a prime number?
True
Is 267955 a prime number?
False
Is 22229 a prime number?
True
Is 9527 prime?
False
Is 637762 prime?
False
Is 839 prime?
True
Is 139691 composite?
True
Is 1631153 composite?
False
Is 3457 a prime number?
True
Is 71011 a composite number?
False
Is 425101 composite?
False
Is 265801 prime?
False
Is 297695 a prime number?
False
Is 80567 a composite number?
False
Is 296547 composite?
True
Is 4022 a prime number?
False
Is 99701 a prime number?
False
Is 355753 composite?
False
Is 58889 a prime number?
True
Is 318523 prime?
True
Is 5033 composite?
True
Is 17231 prime?
True
Is 1525373 composite?
True
Is 22147 prime?
True
Is 9871 a prime number?
True
Is 26227 prime?
True
Is 150287 a composite number?
False
Is 92522 prime?
False
Is 11794 a prime number?
False
Is 58309 composite?
False
Is 82129 composite?
False
Is 4343 prime?
False
Is 11714 a prime number?
False
Is 1442299 co